-3*p = -t*p - 39. Calculate the greatest common divisor of p and 52.
13
Let k = -332 + 344. Calculate the greatest common divisor of 20 and k.
4
Let m = -122 + 302. Suppose 75 = 18*a - 69. Suppose a*d = 4*d + m. Calculate the greatest common factor of 30 and d.
15
Let w(z) = z + 14. Let u be w(0). Suppose -1 = a - 4. Suppose a*j - 56 = j. Calculate the greatest common factor of j and u.
14
Suppose 414 = 4*m + 382. Calculate the highest common factor of m and 108.
4
Suppose d = -12 + 96. Suppose -4*r + d + 4 = 0. What is the greatest common divisor of 66 and r?
22
Let z(g) = -67*g - 7. Let o be z(-2). Let n = o - 95. Suppose 0 = 3*h - 0*h - 48. Calculate the highest common divisor of h and n.
16
Let j = 2198 + -1926. What is the highest common factor of 340 and j?
68
Suppose 1 = 3*v - 8. Suppose 2*w - v*w + y = -15, 4*w = -2*y + 90. Suppose 3*t - 4*x - 70 = 0, -2*x = 3*x - 25. What is the greatest common factor of w and t?
10
Let x(u) = -5*u**2 + 42*u - 27. Let b be x(7). What is the highest common divisor of b and 2?
2
Suppose 0 = -m + 8*m - 14. Let j = 29 + 13. Suppose 17 = -5*l + j. What is the highest common divisor of m and l?
1
Let w(z) = 5*z + 2. Let q be w(8). Suppose -5 - 14 = -s - h, h + 95 = 5*s. Let f = q - s. Calculate the highest common divisor of f and 207.
23
Let k(z) = z**2 - 17*z + 32. Let q be k(13). Let b = q - -35. What is the highest common divisor of b and 60?
15
Let h = 575 + -515. Calculate the highest common factor of h and 2010.
30
Suppose -2488*x + 306 = -2479*x. What is the highest common divisor of 2074 and x?
34
Suppose 27 = 4*r + 5*i + 1, 0 = 3*r - 5*i - 37. Let q = -112 - -75. Let v = -1 - q. What is the highest common divisor of r and v?
9
Suppose -2*u = -6*u + 412. Let p be (2 - 68/28) + (-3016)/(-14). Let b = p - u. What is the greatest common divisor of 14 and b?
14
Let u = 95 + -67. Suppose -4*c + u = -20. Suppose 69*m = 83*m - 840. What is the highest common factor of m and c?
12
Suppose 2*w + w = 15. Suppose 5*a = 5*m + 40, 7*a = 4*a + w*m + 34. Suppose a*i = -2*i + 50. What is the greatest common factor of 40 and i?
10
Suppose 0 = -3*n + 5*y + 67, -n = n + 2*y - 66. Let d = n - -12. What is the highest common factor of d and 164?
41
Let y(a) = 6*a**2 - 17*a + 14. Let t be y(4). What is the greatest common divisor of t and 84?
42
Let t(p) = p**3 - 2*p**2 - 2*p - 1. Let k be t(3). Suppose 0*a + 4*a - c = 177, k*a - 92 = 4*c. Calculate the greatest common factor of a and 66.
22
Let c(u) = 18*u**2 + u. Let j be c(-2). Let h be (3 - 2 - -10) + (-39)/39. Calculate the greatest common factor of h and j.
10
Suppose 0*m = -6*m - 42. Let b(x) = -2*x**2 - 16*x - 10. Let t be b(m). Calculate the greatest common factor of 16 and t.
4
Let p be -1*(14/(-6) - 2)*9. Let f be 3/(2 + (-2 - -1)). What is the greatest common divisor of p and f?
3
Let u be 5/(8/16*(-4)/(-34)). Let f = u - 82. What is the highest common factor of 24 and f?
3
Let u(v) = 8*v + 4. Let q be u(2). Let r be -19 + -1*(2 + -3). Let a be (-5768)/(-36) + 4/r. Calculate the greatest common factor of q and a.
20
Let o(r) = r**3 + 15*r**2 - 16*r + 5. Let p be o(-16). Suppose p*t + 2 = 22. What is the highest common factor of t and 12?
4
Let s(y) = -y**2 - 7*y - 1. Let t(b) = -1. Let a(z) = s(z) + 5*t(z). Let q be a(-5). Suppose q*o - 22 = 2*o. What is the highest common divisor of o and 77?
11
Let a be (66/(-1))/((-2)/6). Let v = 8290 + -8272. What is the highest common factor of v and a?
18
Suppose 0 = -128*y + 122*y + 11658. What is the greatest common divisor of y and 29?
29
Let k = 293 + -268. Calculate the greatest common factor of k and 125.
25
Let j(u) = -3*u**3 + u**2 - 3*u + 4. Let x be j(-4). Suppose -2*r = 8, -x = -4*n - 0*r - 4*r. What is the greatest common factor of 12 and n?
12
Let i(p) = -p**2 - 9*p + 10. Let f be i(-10). Suppose 2*k - 6 + 2 = f. What is the highest common factor of 2 and k?
2
Suppose 6*h - 178 = 1052. Calculate the greatest common divisor of 1394 and h.
41
Let g(f) = -f + 12. Let u be g(16). Let r(t) = -t**2 - 3*t + 8. Let o be r(u). What is the highest common factor of o and 16?
4
Let n(t) = t**3 + 3*t**2 - 2*t. Suppose -5*l - 6 = 9. Let k be n(l). Suppose -f + 5 = -k. Calculate the greatest common divisor of 121 and f.
11
Suppose -4*d = -0*d - 20. Let r = -20 + 22. Suppose -7*i = -r*i + d*b - 35, 2*i - b = 5. What is the highest common factor of i and 8?
4
Let u(r) = 3*r**2 - 32*r + 97. Let j be u(8). Let s be (1 + -7)/(1 - 3). What is the greatest common divisor of j and s?
3
Let i(x) = x**2 + 2*x. Let c = -3 + 2. Let a be -9 - c/4*0. Let v be i(a). Calculate the highest common factor of 7 and v.
7
Let d be 1/(1 + 18/(-15)). Let k = d + 16. Suppose -77 = -h + 44. What is the greatest common divisor of k and h?
11
Suppose -6*k = -5*k. Let t(s) = -s**2 - s - 15. Let g be t(k). Let h be 5/g*-6 + 26. Calculate the highest common factor of h and 14.
14
Let o = -713 + 1118. What is the highest common factor of 15 and o?
15
Suppose 4*k + 62 = 2*z, 9*k = 4*z + 6*k - 99. Calculate the greatest common factor of z and 35.
7
Let x be 6 + (-65)/(-1) + 3. What is the greatest common divisor of x and 2146?
74
Let t = -20 + 5. Let j be ((-74)/5)/(3/t). Suppose 4*b + j = 5*a - 260, -5*a - b + 329 = 0. Calculate the greatest common divisor of a and 6.
6
Suppose -69*l - 321 + 1149 = 0. Calculate the greatest common factor of l and 44.
4
Suppose -4*t - 5*n + 28 = 0, -2*t - 22 = -5*t - 4*n. Suppose -11*d + 135 = -t*d. What is the highest common divisor of 5 and d?
5
Suppose -3*s - 30 = -r, r + s = -0*r + 10. Let q be (-50)/r*6/(-4). Suppose 0 = -q*d + 9 + 6. What is the highest common divisor of 12 and d?
3
Suppose -3 = -4*z + 9. Let u be -26*4/(-4) - -7. What is the highest common divisor of z and u?
3
Let t = 19 - -33. Let v = 17 + 243. What is the greatest common divisor of v and t?
52
Let w(k) = k**2 - k - 36. Let y be w(-14). What is the highest common factor of 580 and y?
58
Suppose 12*u - 8*u = -2*k + 60, -3*k - 5*u + 90 = 0. Let d(t) = t**3 + 8*t**2 + 5*t + 4. Let f be d(-7). What is the greatest common divisor of k and f?
6
Let n = 176 + -101. Let r be (-21)/9*(-46 - -1). Suppose 2*u - 5*m - r = 0, 3*u - n = u - m. What is the greatest common divisor of 4 and u?
4
Suppose 154 = 5*a - x, -5*a - 4*x = x - 130. Suppose -2*i + 55 = 2*q + 3*i, q = -5*i + a. What is the highest common divisor of q and 125?
25
Let h(j) = 5*j - 12. Let i(u) = 2*u + 36. Let n be i(-12). Let y be h(n). What is the highest common divisor of y and 6?
6
Suppose 4372 + 3860 = 49*q. Suppose 2*j - 2 = 4. Let w(x) = x**3 - 2*x. Let s be w(j). What is the greatest common divisor of q and s?
21
Let g be ((-1025)/(-20))/(2*6/48). Calculate the highest common factor of 41 and g.
41
Suppose -140 = -a + 4*r, -2*a + 4*r + 244 = 8*r. Calculate the highest common factor of a and 32.
32
Let d be -6*1/2*-1. Suppose 249 = 4*u + d*j, 3*u = j + 3*j + 193. Let f be ((-7)/(-3))/(7/u). What is the highest common factor of f and 3?
3
Let x(b) = 3*b + 4. Let r be x(-3). Let a be (r/3)/((-5)/60). Let p be (-1762)/(-16)*2 + 4/(-16). What is the greatest common factor of a and p?
20
Let x = -30 + 69. Let g be 26/x*(1 + -1 + 3). What is the highest common factor of 16 and g?
2
Let m(d) = -d**3 - 21*d**2 - 3*d - 31. Let n be m(-21). Suppose 6*t = 5*y + 7*t - 38, -5*y = -t - n. Calculate the greatest common divisor of y and 21.
7
Let i be 3/(-9) + 37/3. Let g be -576*(22/(-28) + (-8)/(-28)). Suppose 5*o - 2*o = g. What is the greatest common factor of i and o?
12
Let a(j) = 8*j**3 + j**2 - 1. Let y be a(-1). Let l be (y/(-6))/((-3)/(-9)). What is the greatest common factor of 6 and l?
2
Let n be (-212)/(-7) + (-2)/7. Let f = -19 - -24. Suppose -8 = 2*i - 4*z - 0, -3*z = f*i - 45. Calculate the highest common factor of i and n.
6
Suppose 0*r = -4*r + 360. Let j = 202 + -172. What is the highest common divisor of r and j?
30
Let c = -857 + 879. Calculate the greatest common divisor of c and 253.
11
Let d = 25 - 21. Suppose -7*q + 42 = -d*q. What is the highest common divisor of q and 49?
7
Let s(r) = 4*r - 9. Let l be s(6). Let w be 946/4 + 39/26. Let j = -118 + w. What is the highest common factor of j and l?
15
Suppose 5*j + b + 4*b + 15 = 0, 28 = 4*j - 4*b. Suppose 4*c + 14 = 3*v, -7